 of 2163?
3, 7, 103
List the prime factors of 4876.
2, 23, 53
What are the prime factors of 779?
19, 41
List the prime factors of 5026.
2, 7, 359
What are the prime factors of 6739?
23, 293
What are the prime factors of 369?
3, 41
List the prime factors of 143.
11, 13
What are the prime factors of 82378?
2, 41189
List the prime factors of 16167.
3, 17, 317
What are the prime factors of 8932?
2, 7, 11, 29
List the prime factors of 5877.
3, 653
List the prime factors of 14694.
2, 3, 31, 79
List the prime factors of 5667.
3, 1889
What are the prime factors of 13883?
13883
What are the prime factors of 115251?
3, 41, 937
List the prime factors of 6813.
3, 757
What are the prime factors of 2236?
2, 13, 43
List the prime factors of 7275.
3, 5, 97
List the prime factors of 827.
827
List the prime factors of 21320.
2, 5, 13, 41
List the prime factors of 1319.
1319
What are the prime factors of 584?
2, 73
What are the prime factors of 2869?
19, 151
What are the prime factors of 671?
11, 61
List the prime factors of 806.
2, 13, 31
What are the prime factors of 37640?
2, 5, 941
What are the prime factors of 26994?
2, 3, 11, 409
List the prime factors of 589.
19, 31
List the prime factors of 1987.
1987
What are the prime factors of 73554?
2, 3, 13, 23, 41
What are the prime factors of 1885?
5, 13, 29
What are the prime factors of 406?
2, 7, 29
List the prime factors of 10367.
7, 1481
List the prime factors of 2323.
23, 101
List the prime factors of 2896.
2, 181
List the prime factors of 464.
2, 29
List the prime factors of 399.
3, 7, 19
List the prime factors of 1217.
1217
List the prime factors of 634.
2, 317
What are the prime factors of 3877?
3877
List the prime factors of 8940.
2, 3, 5, 149
What are the prime factors of 8861?
8861
What are the prime factors of 1966?
2, 983
What are the prime factors of 85?
5, 17
List the prime factors of 1624.
2, 7, 29
What are the prime factors of 2220?
2, 3, 5, 37
What are the prime factors of 704?
2, 11
List the prime factors of 867.
3, 17
List the prime factors of 1370.
2, 5, 137
List the prime factors of 220.
2, 5, 11
List the prime factors of 2178.
2, 3, 11
What are the prime factors of 7034?
2, 3517
List the prime factors of 584.
2, 73
What are the prime factors of 1010?
2, 5, 101
What are the prime factors of 325?
5, 13
What are the prime factors of 18018?
2, 3, 7, 11, 13
List the prime factors of 426.
2, 3, 71
What are the prime factors of 53?
53
List the prime factors of 7409.
31, 239
List the prime factors of 1327.
1327
List the prime factors of 22071.
3, 7, 1051
What are the prime factors of 7929?
3, 881
List the prime factors of 448.
2, 7
What are the prime factors of 13375?
5, 107
What are the prime factors of 3?
3
What are the prime factors of 584?
2, 73
List the prime factors of 21338.
2, 47, 227
List the prime factors of 114074.
2, 57037
What are the prime factors of 39854?
2, 19927
What are the prime factors of 1387?
19, 73
List the prime factors of 38475.
3, 5, 19
What are the prime factors of 372?
2, 3, 31
What are the prime factors of 8514?
2, 3, 11, 43
List the prime factors of 51837.
3, 37, 467
List the prime factors of 694.
2, 347
What are the prime factors of 17253?
3, 71
What are the prime factors of 85770?
2, 3, 5, 953
What are the prime factors of 6899?
6899
What are the prime factors of 4979?
13, 383
What are the prime factors of 36176?
2, 7, 17, 19
What are the prime factors of 11881?
109
List the prime factors of 12116.
2, 13, 233
List the prime factors of 9601.
9601
What are the prime factors of 8563?
8563
List the prime factors of 9826.
2, 17
What are the prime factors of 3340?
2, 5, 167
What are the prime factors of 3227?
7, 461
What are the prime factors of 1332?
2, 3, 37
List the prime factors of 18424.
2, 7, 47
What are the prime factors of 10608?
2, 3, 13, 17
List the prime factors of 12735.
3, 5, 283
What are the prime factors of 6387?
3, 2129
List the prime factors of 656.
2, 41
List the prime factors of 17352.
2, 3, 241
What are the prime factors of 22360?
2, 5, 13, 43
List the prime factors of 1013.
1013
What are the prime factors of 44048?
2, 2753
What are the prime factors of 487?
487
List the prime factors of 192.
2, 3
What are the prime factors of 9652?
2, 19, 127
List the prime factors of 1015.
5, 7, 29
What are the prime factors of 486?
2, 3
What are the prime factors of 38?
2, 19
What are the prime factors of 2159?
17, 127
List the prime factors of 140948.
2, 167, 211
List the prime factors of 595.
5, 7, 17
List the prime factors of 10945.
5, 11, 199
List the prime factors of 3227.
7, 461
List the prime factors of 127.
127
List the prime factors of 27148.
2, 11, 617
List the prime factors of 19594.
2, 97, 101
List the prime factors of 37681.
7, 769
List the prime factors of 2307.
3, 769
What are the prime factors of 59496?
2, 3, 37, 67
List the prime factors of 55291.
55291
List the prime factors of 2119.
13, 163
What are the prime factors of 6660?
2, 3, 5, 37
List the prime factors of 417.
3, 139
List the prime factors of 1489.
1489
What are the prime factors of 109?
109
List the prime factors of 53861.
53861
What are the prime factors of 802?
2, 401
List the prime factors of 49231.
7, 13, 541
List the prime factors of 7172.
2, 11, 163
What are the prime factors of 1975?
5, 79
What are the prime factors of 1185?
3, 5, 79
What are the prime factors of 8516?
2, 2129
List the prime factors of 1986.
2, 3, 331
List the prime factors of 43537.
13, 17, 197
List the prime factors of 519.
3, 173
What are the prime factors of 784?
2, 7
List the prime factors of 250.
2, 5
What are the prime factors of 248?
2, 31
List the prime factors of 985.
5, 197
What are the prime factors of 891?
3, 11
What are the prime factors of 1354?
2, 677
List the prime factors of 195.
3, 5, 13
What are the prime factors of 21935?
5, 41, 107
List the prime factors of 7101.
3, 263
List the prime factors of 10083.
3, 3361
List the prime factors of 1780.
2, 5, 89
What are the prime factors of 19623?
3, 31, 211
List the prime factors of 3887.
13, 23
What are the prime factors of 557?
557
List the prime factors of 37974.
2, 3, 6329
List the prime factors of 1441.
11, 131
What are the prime factors of 5178?
2, 3, 863
List the prime factors of 2498.
2, 1249
List the prime factors of 71159.
11, 6469
List the prime factors of 55362.
2, 3, 9227
What are the prime factors of 2473?
2473
What are the prime factors of 31885?
5, 7, 911
What are the prime factors of 87440?
2, 5, 1093
List the prime factors of 12101.
12101
List the prime factors of 4186.
2, 7, 13, 23
What are the prime factors of 6352?
2, 397
What are the prime factors of 73574?
2, 36787
What are the prime factors of 143379?
3, 89, 179
List the prime factors of 32287.
83, 389
What are the prime factors of 1031?
1031
List the prime factors of 11053.
7, 1579
What are the prime factors of 6402?
2, 3, 11, 97
List the prime factors of 18285.
3, 5, 23, 53
What are the prime factors of 7962?
2, 3, 1327
List the prime factors of 2265.
3, 5, 151
What are the prime factors of 5090?
2, 5, 509
List the prime factors of 12514.
2, 6257
List the prime factors of 3096.
2, 3, 43
List the prime factors of 32.
2
List the prime factors of 560.
2, 5, 7
What are the prime factors of 44025?
3, 5, 587
What are the prime factors of 3465?
3, 5, 7, 11
What are the prime factors of 13396?
2, 17, 197
What are the prime factors of 16759?
16759
What are the prime factors of 11071?
11071
List the prime factors of 7047.
3, 29
List the prime factors of 374.
2, 11, 17
List the prime factors of 2190.
2, 3, 5, 73
What are the prime factors of 6924?
2, 3, 577
List the prime factors of 35916.
2, 3, 41, 73
List the prime factors of 5636.
2, 1409
What are the prime factors of 1076?
2, 269
List the prime factors of 13779.
3, 1531
What are the prime factors of 87372?
2, 3, 809
What are the prime factors of 14103?
3, 1567
What are the prime factors of 3552?
2, 3, 37
What are the prime factors of 54774?
2, 3, 17, 179
What are the prime factors of 4898?
2, 31, 79
What are the prime factors of 138?
2, 3, 23
List the prime factors of 10592.
2, 331
What are the prime factors of 2243?
2243
List the prime factors of 1284.
2, 3, 107
What are the prime factors of 44059?
44059
List the prime factors o